1b (base 12) to base 5
-43
Convert -2a (base 14) to base 7.
-53
135 (base 9) to base 6
305
What is -1 (base 4) in base 6?
-1
Convert -35 (base 6) to base 11.
-21
-1 (base 4) to base 8
-1
Convert 110 (base 2) to base 8.
6
-24 (base 10) to base 13
-1b
What is 1 (base 12) in base 13?
1
What is -29 (base 11) in base 7?
-43
What is 8 (base 11) in base 14?
8
What is -c (base 13) in base 4?
-30
Convert -6 (base 12) to base 4.
-12
100122 (base 3) to base 8
404
What is -25 (base 11) in base 5?
-102
-2 (base 6) to base 14
-2
Convert 6 (base 15) to base 12.
6
What is 2 (base 13) in base 10?
2
Convert -10200 (base 4) to base 16.
-120
What is 11 (base 7) in base 10?
8
Convert 121 (base 3) to base 9.
17
Convert -10 (base 2) to base 10.
-2
Convert 4c (base 13) to base 16.
40
What is 7 (base 12) in base 6?
11
What is 110 (base 13) in base 8?
266
Convert 511 (base 6) to base 5.
1222
-2 (base 15) to base 2
-10
What is 1001110 (base 2) in base 14?
58
Convert fa (base 16) to base 5.
2000
-120 (base 3) to base 8
-17
43 (base 5) to base 12
1b
What is -48 (base 9) in base 6?
-112
-1 (base 15) to base 16
-1
Convert -1 (base 12) to base 8.
-1
Convert -210 (base 5) to base 3.
-2001
What is 10 (base 2) in base 6?
2
What is -c2 (base 14) in base 3?
-20022
What is 1031 (base 4) in base 9?
85
-10 (base 7) to base 9
-7
What is -1 (base 16) in base 4?
-1
-67 (base 16) to base 4
-1213
What is 101 (base 2) in base 12?
5
4 (base 16) to base 11
4
10 (base 3) to base 2
11
-221 (base 3) to base 5
-100
1 (base 12) to base 9
1
Convert 5 (base 13) to base 7.
5
Convert -3 (base 11) to base 15.
-3
Convert -130 (base 6) to base 8.
-66
What is -310 (base 4) in base 10?
-52
2 (base 9) to base 8
2
What is 1301 (base 4) in base 15?
78
What is 20 (base 16) in base 11?
2a
Convert -54 (base 16) to base 2.
-1010100
Convert 10 (base 2) to base 7.
2
Convert 151 (base 9) to base 16.
7f
Convert -3 (base 10) to base 5.
-3
What is 13 (base 15) in base 7?
24
-4 (base 14) to base 16
-4
6 (base 8) to base 15
6
Convert 1 (base 9) to base 16.
1
Convert 51 (base 7) to base 3.
1100
What is 34 (base 14) in base 6?
114
What is 133 (base 4) in base 9?
34
What is 3 (base 14) in base 2?
11
Convert 41 (base 7) to base 6.
45
-3 (base 13) to base 8
-3
Convert -28 (base 10) to base 8.
-34
-44 (base 10) to base 11
-40
101 (base 16) to base 2
100000001
-3 (base 7) to base 14
-3
Convert -13a (base 11) to base 12.
-118
What is 23 (base 11) in base 16?
19
18 (base 16) to base 7
33
Convert 19 (base 10) to base 5.
34
Convert -3 (base 7) to base 9.
-3
Convert -6 (base 10) to base 9.
-6
144 (base 6) to base 10
64
Convert 11 (base 10) to base 2.
1011
What is 1 (base 7) in base 12?
1
What is -23 (base 9) in base 10?
-21
What is -3 (base 12) in base 4?
-3
Convert -13 (base 11) to base 3.
-112
What is -106 (base 8) in base 5?
-240
121 (base 4) to base 12
21
What is 22 (base 7) in base 13?
13
What is -8e (base 15) in base 10?
-134
Convert -11 (base 3) to base 4.
-10
Convert -11 (base 4) to base 3.
-12
126 (base 8) to base 7
152
Convert 4 (base 8) to base 6.
4
What is 115 (base 12) in base 11?
137
-3 (base 4) to base 3
-10
Convert 48 (base 16) to base 13.
57
5 (base 9) to base 14
5
What is -12 (base 13) in base 10?
-15
What is 143 (base 9) in base 15?
80
What is 3 (base 9) in base 16?
3
What is 24 (base 5) in base 3?
112
What is -82 (base 14) in base 7?
-222
3 (base 13) to base 16
3
What is 1 (base 5) in base 4?
1
115 (base 7) to base 15
41
-15 (base 13) to base 14
-14
What is 112 (base 7) in base 11?
53
What is -22 (base 11) in base 9?
-26
What is 203 (base 8) in base 4?
2003
What is 5 (base 6) in base 16?
5
-3 (base 15) to base 14
-3
Convert 110 (base 4) to base 8.
24
Convert -1 (base 12) to base 10.
-1
-14 (base 5) to base 15
-9
What is 3 (base 5) in base 8?
3
What is -16 (base 7) in base 16?
-d
What is -12 (base 4) in base 3?
-20
Convert -1 (base 6) to base 3.
-1
-47 (base 13) to base 11
-54
-2 (base 11) to base 6
-2
-24 (base 7) to base 5
-33
What is 9 (base 16) in base 4?
21
0 (base 6) to base 5
0
What is 260 (base 7) in base 11?
118
What is 34 (base 9) in base 15?
21
-121 (base 3) to base 11
-15
What is -1 (base 9) in base 2?
-1
Convert -13 (base 11) to base 12.
-12
What is 634 (base 7) in base 8?
477
What is 110 (base 4) in base 8?
24
Convert 5 (base 16) to base 10.
5
Convert 108 (base 13) to base 12.
129
Convert -124 (base 5) to base 12.
-33
-15 (base 8) to base 12
-11
What is 31 (base 4) in base 9?
14
147 (base 8) to base 2
1100111
Convert 26 (base 7) to base 13.
17
2 (base 16) to base 7
2
Convert cc (base 13) to base 16.
a8
Convert 111010 (base 2) to base 11.
53
Convert 142 (base 14) to base 10.
254
Convert b (base 15) to base 11.
10
Convert 36 (base 11) to base 12.
33
134 (base 12) to base 10
184
What is 0 (base 8) in base 13?
0
Convert -1e (base 15) to base 9.
-32
a3 (base 12) to base 7
234
Convert 2 (base 5) to base 12.
2
1e (base 15) to base 5
104
-10 (base 3) to base 5
-3
Convert 56 (base 7) to base 14.
2d
What is 6 (base 10) in base 12?
6
Convert -14 (base 8) to base 10.
-12
Convert -2 (base 10) to base 13.
-2
-3 (base 10) to base 11
-3
Convert -9 (base 12) to base 13.
-9
What is -40 (base 5) in base 9?
-22
123 (base 8) to base 10
83
Convert -2021 (base 4) to base 8.
-211
What is -57 (base 10) in base 7?
-111
1 (base 2) to base 3
1
Convert 2 (base 12) to base 7.
2
What is 11001 (base 2) in base 5?
100
-10101011 (base 2) to base 6
-443
-16 (base 8) to base 10
-14
-10010 (base 2) to base 15
-13
What is -1c (base 13) in base 2?
-11001
Convert 13 (base 12) to base 15.
10
What is 211 (base 3) in base 7?
31
What is -52 (base 11) in base 10?
-57
What is -61 (base 10) in base 16?
-3d
What is 2 (base 11) in base 15?
2
What is -10010111 (base 2) in base 8?
-227
Convert 158 (base 11) to base 4.
2320
Convert -2 (base 9) to base 7.
-2
Convert 415 (base 6) to base 8.
233
414 (base 6) to base 15
a4
What is 0 (base 5) in base 13?
0
Convert -2 (base 6) to base 15.
-2
What is 414 (base 8) in base 4?
10030
-12 (base 15) to base 7
-23
What is 7 (base 15) in base 16?
7
Convert -12 (base 13) to base 4.
-33
What is 0 (base 9) in base 6?
0
-2 (base 13) to base 5
-2
22 (base 4) to base 15
a
What is 8 (base 10) in base 13?
8
What is -10 (base 4) in base 11?
-4
124 (base 7) to base 8
103
3 (base 11) to base 3
10
-10 (base 3) to base 10
-3
100 (base 2) to base 9
4
What is -1 (base 11) in base 6?
-1
What is -13 (base 5) in base 11?
-8
Convert 11 (base 2) to base 14.
3
11 (base 6) to base 16
7
What is -1 (base 11) in base 15?
-1
-7 (base 15) to base 2
-111
Convert 10 (base 10) to base 14.
a
What is 223 (base 4) in base 16?
2b
1231 (base 4) to base 15
74
What is 13 (base 5) in base 12?
8
Convert 5e (base 16) to base 7.
163
-11 (base 4) to base 7
-5
What is 1 (base 14) in base 10?
1
What is -22 (base 3) in base 14?
-8
Convert -101 (base 4) to base 9.
-18
11 (base 6) to base 15
7
What is -10 (base 7) in base 3?
-21
What is 23 (base 16) in base 11?
32
What is 7 (base 13) in base 16?
7
-7 (base 16) to base 11
-7
-5 (base 16) to base 3
-12
Convert -46 (base 11) to base 8.
-62
What is a (base 16) in base 9?
11
Convert 29 (base 12) to base 3.
1020
2 (base 16) to base 4
2
Convert 0 (base 5) to base 3.
0
4 (base 7) to base 5
4
-14 (base 6) to base 13
-a
43 (base 9) to base 12
33
315 (base 6) to base 10
119
Convert -1111101 (base 2) to base 15.
-85
What is -3 (base 9) in base 12?
-3
Convert 21 (base 9) to base 5.
34
4 (base 15) to base 6
4
5 (base 14) to base 2
101
Convert 1111 (base 2) to base 11.
14
0 (base 4) to base 14
0
What is -1 (base 12) in base 7?
-1
What is -12 (base 10) in base 13?
-c
10 (base 15) to base 12
13
Convert 45 (base 14) to base 12.
51
-5 (base 14) to base 12
-5
Convert -24 (base 9) to base 11.
-20
What is 7 (base 11) in base 2?
111
-2 (base 5) to base 2
-10
-1 (base 3) to base 2
-1
What is -2d (base 15) in base 10?
-43
Convert 3 (base 12) to base 7.
3
What is 455 (base 7) in base 16?
ec
What is -1 (base 8) in base 4?
-1
Convert -10 (base 2) to base 8.
-2
-7 (base 8) to base 7
-10
What is -6 (base 9) in base 10?
-6
Convert 5 (base 16) to base 12.
5
-12 (base 7) to base 9
-10
Convert 21011 (base 3) to base 15.
cd
What is a7 (base 13) in base 15?
92
9 (base 12) to base 7
12
Convert 35 (base 9) to base 4.
200
2c (base 13) to base 